 l(9).
-37
Let b(q) = 44*q**3 + 580*q**2 + 148*q + 561. What is b(-13)?
-11
Let j(m) = -13*m**2 + 222*m - 393. Calculate j(17).
-376
Let f(j) = -246*j - 11770. Calculate f(-46).
-454
Let j(f) = -14*f**2 + 10434*f + 20898. Calculate j(-2).
-26
Let i(u) = -1237*u - 4876. Determine i(-4).
72
Let u(o) = 229*o**2 - 5953*o + 22. Determine u(26).
48
Let z(k) = k**2 - 23994*k + 1936951. Determine z(81).
-2
Let s(f) = -12*f**2 + 116047*f - 116047. Give s(1).
-12
Let l(n) = 5226*n + 1202039. Calculate l(-230).
59
Let m(n) = -n**2 - 4069*n + 24444. Determine m(6).
-6
Let g(f) = -f**3 - 89*f**2 - 1796*f - 312. Determine g(-31).
-374
Let i(q) = -q**2 + 196*q + 14176. Give i(-57).
-245
Let u(y) = 6627863*y + 6627860. Calculate u(-1).
-3
Let g(b) = -821*b + 98149. What is g(121)?
-1192
Let s(b) = 257*b - 16451. Calculate s(64).
-3
Let p(t) = 5*t**3 - 2313*t**2 + 1469*t - 38327. Calculate p(462).
19
Let z(x) = -303820*x - 14583357. Calculate z(-48).
3
Let a(f) = 2*f**2 - 149*f - 171. Give a(66).
-1293
Let i(a) = -5872*a**2 - 82172*a + 498. Give i(-14).
-6
Let p(z) = -5*z**2 - 1261*z - 7427. Calculate p(-6).
-41
Let h(i) = 78*i**3 + 3*i**2 + 740*i - 742. Calculate h(1).
79
Let u(f) = -30*f**3 + 14*f**2 + 175*f + 479. What is u(-4)?
1923
Let h(m) = -3*m**2 + 268*m + 20339. Determine h(-49).
4
Let t(u) = 1379*u + 3177. What is t(-4)?
-2339
Let w(q) = 2*q**2 - 945*q + 15410. Calculate w(17).
-77
Let t(s) = -s**3 - 202*s**2 - 4981*s - 960775. Determine t(-201).
5
Let l(h) = 2*h**3 + 19*h**2 + 154*h - 159. What is l(-8)?
-1199
Let y(k) = 4789*k - 1178080. Give y(246).
14
Let m(r) = 8*r**3 - 22*r**2 - 6*r + 12. Calculate m(2).
-24
Let k(o) = -24987*o - 249942. Determine k(-10).
-72
Let s(j) = j**2 + 141698*j - 2125691. What is s(15)?
4
Let q(c) = c**3 + 26*c**2 + 161*c + 103. Determine q(-8).
-33
Let l(x) = -51222*x + 357282. What is l(7)?
-1272
Let u(a) = -79*a - 2632. Determine u(-18).
-1210
Let n(t) = 376*t**3 - 4520*t**2 + 9*t + 34. Determine n(12).
-1010
Let w(v) = 556385*v + 6120231. Determine w(-11).
-4
Let z(m) = -785*m - 217437. Calculate z(-277).
8
Let l(q) = -17509*q - 4622366. Calculate l(-264).
10
Let m(r) = 4*r**3 - 70*r**2 - 386*r - 349. Determine m(22).
-129
Let t(v) = -v**3 + 39*v**2 - 144*v + 1616. Calculate t(28).
6208
Let x(s) = -2*s**3 + 130*s**2 + 777*s - 5342. Determine x(70).
48
Let n(z) = 291*z**2 - 14573*z + 1176. Calculate n(50).
26
Let g(h) = h**3 - 58*h**2 + 218*h + 2534. What is g(53)?
43
Let r(f) = -13*f**2 - 1000*f - 33. Determine r(-78).
-1125
Let d(a) = -45*a**2 - 1799*a + 99. Calculate d(-40).
59
Let z(f) = 681*f**2 - 67*f + 49. Give z(2).
2639
Let n(s) = s**3 + 24*s**2 - 828*s + 81. Give n(-43).
554
Let r(c) = -c**3 + 75*c**2 + 948*c + 21. What is r(-11)?
-1
Let y(h) = -38699*h + 464246. What is y(12)?
-142
Let q(z) = -2*z**3 + 374*z**2 + 4425*z - 13657. What is q(198)?
5
Let b(o) = -18057*o**2 - 18094*o. Determine b(-1).
37
Let v(q) = -43*q**2 + 74*q - 65. Determine v(5).
-770
Let o(k) = 117*k**2 - 1979*k - 150. Calculate o(17).
20
Let i(b) = 2*b**2 + 13390*b - 40162. Determine i(3).
26
Let q(r) = 2*r**3 - 16*r**2 - 65*r + 579. Determine q(8).
59
Let u(d) = 11910*d + 238208. Calculate u(-20).
8
Let b(x) = -5*x**2 - 74*x + 765. Give b(-22).
-27
Let x(t) = -2*t**3 + 3*t**2 + 15*t - 19. Determine x(9).
-1099
Let o(x) = -5*x**3 - 630*x**2 - 4*x - 524. Determine o(-126).
-20
Let m(x) = -151*x**2 + 55*x - 42. Give m(1).
-138
Let h(n) = -39*n**2 + 84073*n + 953477. Calculate h(2167).
-3
Let p(c) = -c**3 - 210*c**2 + 646*c + 492. Give p(-213).
-999
Let m(l) = -62*l**2 - 1116*l + 3. Determine m(-18).
3
Let d(o) = -o**3 + 16*o**2 - 7778*o + 77184. What is d(10)?
4
Let c(k) = -k**3 - 54*k**2 - 692*k + 571. Determine c(-28).
-437
Let o(q) = -42565*q - 2213164. Give o(-52).
216
Let y(n) = n**2 + 12850*n - 102729. Calculate y(8).
135
Let i(g) = -6*g**2 + 556*g - 358. Determine i(92).
10
Let l(c) = 26*c - 168. Calculate l(12).
144
Let y(v) = -2*v**3 + 214*v**2 + 252*v - 67. Determine y(108).
3821
Let l(j) = -108*j**2 - 1161*j - 2478. Determine l(-3).
33
Let v(q) = -12*q**3 - 34*q**2 + 357*q + 21. Calculate v(-7).
-28
Let g(i) = -5*i**2 - 455*i + 148. Calculate g(-91).
148
Let m(u) = 16*u**2 + 516*u - 7609. Give m(11).
3
Let l(d) = -7*d**2 - 439*d + 3. Calculate l(-65).
-1037
Let v(i) = 3*i**3 + 280*i**2 + 86*i - 646. Calculate v(-93).
5
Let f(o) = 14*o**2 - 480*o + 2057. Calculate f(5).
7
Let c(w) = 5*w**3 + 41*w**2 - 61*w - 782. What is c(-6)?
-20
Let g(p) = -p**3 + 26*p**2 + 79*p - 2094. What is g(26)?
-40
Let v(t) = -4438*t + 55588. Calculate v(11).
6770
Let q(i) = -135*i**2 - 1860*i - 5788. Give q(-9).
17
Let n(i) = -4074*i - 20385. Give n(-5).
-15
Let m(c) = -c**3 + 44*c**2 + 8352*c + 8. Calculate m(116).
8
Let y(u) = -19*u**2 - 67*u + 53. What is y(0)?
53
Let y(t) = -t**3 - 47*t**2 + 839*t + 40705. What is y(-46)?
-5
Let g(m) = -13133*m - 420237. What is g(-32)?
19
Let j(g) = -3*g**3 - 55*g**2 + 18*g - 430. Give j(-19).
-50
Let c(o) = 41*o**2 - 2252*o - 161. Give c(55).
4
Let b(m) = -8*m**3 - 9*m**2 + 31*m - 13. What is b(5)?
-1083
Let m(a) = a**3 + 134*a**2 - 1425*a + 2168. Calculate m(-144).
8
Let t(u) = 18122*u**2 + 36238*u - 36. Determine t(-2).
-24
Let k(o) = 47659*o - 6958159. Calculate k(146).
55
Let k(n) = 567*n - 134212. What is k(237)?
167
Let z(q) = 28*q**2 + 1898*q - 439. Calculate z(-68).
-31
Let b(q) = q**2 + 107*q - 2444. Give b(26).
1014
Let n(g) = -7444*g - 148890. Calculate n(-20).
-10
Let r(p) = -p**2 - 513*p - 44337. Calculate r(-110).
-7
Let a(r) = -9*r**2 - 859*r - 7441. Give a(-86).
-131
Let m(b) = -3*b**3 - 100*b**2 - 772*b - 252. What is m(-22)?
276
Let t(m) = -m**3 - 628*m**2 + 1584*m + 600689. Give t(-629).
-6
Let x(v) = -100*v**3 + 898*v**2 - 7*v + 272. Calculate x(9).
47
Let i(w) = 3023*w + 15536. Determine i(-5).
421
Let y(i) = 57227*i + 57040. What is y(-1)?
-187
Let w(g) = 67*g**3 + 10*g**2 + 293*g - 300. Give w(1).
70
Let u(j) = -j**3 - 19*j**2 - 870*j - 20281. What is u(-22)?
311
Let i(u) = 224*u - 1079. Give i(5).
41
Let j(o) = 3*o**3 - 416*o**2 + 970*o - 154287. Calculate j(139).
-136
Let l(i) = -2064*i + 10053. What is l(5)?
-267
Let m(d) = 7*d**2 + 6687*d + 15192. Give m(-953).
-56
Let v(b) = 3484*b - 4375. Calculate v(2).
2593
Let a(b) = -3*b**2 + 278*b + 8906. Calculate a(-25).
81
Let l(d) = -5*d**3 + 4*d**2 - 40424*d + 40419. Calculate l(1).
-6
Let w(q) = 30140*q - 120263. Determine w(4).
297
Let q(w) = 265*w - 45870. Give q(173).
-25
Let m(z) = -z**3 - 149*z**2 - 891*z - 4702. Calculate m(-143).
17
Let s(t) = 3704*t - 3706. Calculate s(1).
-2
Let t(n) = -422*n + 51938. Give t(123).
32
Let u(i) = -8*i**3 + 11*i**2 + 13*i + 35. Determine u(3).
-43
Let l(m) = -77126*m + 1696769. Give l(22).
-3
Let x(f) = -8890*f**2 - 26639*f + 80. Give x(-3).
-13
Let n(h) = 47323*h + 473227. Determine n(-10).
-3
Let m(z) = 679*z**2 + 369373*z - 1658. Calculate m(-544).
-26
Let p(y) = y**3 + 54*y**2 + 109*y - 171. Give p(-52).
-431
Let f(j) = -6*j**3 + 136*j**2 + 96*j - 716. Determine f(2).
-28
Let i(m) = -m**2 - 2039*m + 77901. Determine i(37).
1089
Let m(q) = 31*q + 2167. Calculate m(-39).
958
Let p(u) = 117609*u + 1176086. Give p(-10).
-4
Let p(n) = n**3 - 261*n**2 + 14378*n - 24. Calculate p(79).
-24
Let q(l) = l**3 - 5*l**2 + 194*l - 1447. What is q(7)?
9
Let a(u) = 4*u**3 - 187*u**2 + 210*u - 12077. What is a(47)?
2
Let h(b) = 2*b**2 - 1700*b - 167148. Determine h(939).
-6
Let s(g) = g**3 - 173*g**2 + 998*g + 681. Calculate s(167).
13
Let a(v) = 4*v**2 + 1457*v + 18336. Determine a(-13).
71
Let o(b) = -90*b - 44. What is o(-15)?
1306
Let o(h) = -3*h**2 - 2844*h - 87916. Give o(-32).
20
Let y(w) = w**3 - 139*w**2 - 36*w - 9337. Give y(140).
5223
Let k(q) = 21*q**2 - 2025*q - 9704. Calculate k(101).
-8
Let k(w) = -w**2 + 21*w + 267. Determine k(33).
-129
Let r(d) = -578*d - 22620. Give r(-39).
-78
Let t(x) = 2*x**2 + 58*x + 305. Determine t(-7).
-3
Let w(p) = -4760*p + 889993. Give w(187).
-127
Let o(m) = -139*m**2 - 2093*m - 19. Determine o(-15).
101
Let p(y) = -842*y + 5626. Give p(7).
-268
Let b(g) = -g**3 - 863*g**2 + 21285*g + 72. What is b(24)?
0
Let v(l) = 8*l**3 + 536*l**2 + 33. Determine v(-67).
33
Let s(b) = -3*b**3 - 76*b**2 + 84*b + 806. Determine s(-26).
-26
Let f(l) = 58*l**2 - 563*l - 4. Determ